{"id":643,"date":"2021-07-31T13:54:09","date_gmt":"2021-07-31T13:54:09","guid":{"rendered":"https:\/\/hornsund.igf.edu.pl\/?page_id=643"},"modified":"2024-07-03T13:53:38","modified_gmt":"2024-07-03T12:53:38","slug":"historia-stacji","status":"publish","type":"page","link":"https:\/\/hornsund.igf.edu.pl\/index.php\/historia-stacji\/","title":{"rendered":"Historia Stacji"},"content":{"rendered":"\n<p>Historia Polskiej Stacji Polarnej Hornsund si\u0119ga lat 50. XX wieku.<\/p>\n\n\n\n<p>Polska Komisja III Mi\u0119dzynarodowego Roku Geofizycznego przy Prezydium Polskiej Akademii Nauk, powo\u0142ana w zwi\u0105zku ze zbli\u017caj\u0105cym si\u0119 III Mi\u0119dzynarodowym Rokiem Geofizycznym (III MRG), doprowadzi\u0142a do zorganizowania ca\u0142orocznej ekspedycji badawczej na Spitsbergen, dla kt\u00f3rej podstaw\u0105 dzia\u0142ania mia\u0142a by\u0107 zbudowana na Spitsbergenie Polska Stacja Polarna.<\/p>\n\n\n\n<p>Wiosn\u0105 1956 roku Stefan Z. R\u00f3\u017cycki, kierownik Podkomisji Wypraw, i Stanis\u0142aw Siedlecki, desygnowany na kierownika polskiej wyprawy, na konferencji uczestnik\u00f3w III MRG w Oslo uzgodnili miejsce postawienia polskiej stacji i ramowy program prac badawczych.<\/p>\n\n\n\n<p>W sierpniu i wrze\u015bniu 1956 roku w Hornsundzie pracowa\u0142a Wyprawa Rekonesansowa kierowana przez Stanis\u0142awa Siedleckiego. W sk\u0142ad wyprawy wchodzili: Krzysztof Birkenmajer, Maciej Kuczy\u0144ski, Jerzy Piotrowski i Stanis\u0142aw Rafa\u0142owski. W miejscu wytypowanym na budow\u0119 Stacji przeprowadzono wst\u0119pne badania geologiczne i ustalono gdzie stanie budynek stacji.<\/p>\n\n\n\n<div class=\"wp-block-image\"><figure class=\"alignleft size-full\"><img loading=\"lazy\" decoding=\"async\" width=\"300\" height=\"181\" src=\"https:\/\/hornsund.igf.edu.pl\/wp-content\/uploads\/2022\/04\/2.png\" alt=\"\" class=\"wp-image-1348\" srcset=\"https:\/\/hornsund.igf.edu.pl\/wp-content\/uploads\/2022\/04\/2.png 300w, https:\/\/hornsund.igf.edu.pl\/wp-content\/uploads\/2022\/04\/2-24x14.png 24w, https:\/\/hornsund.igf.edu.pl\/wp-content\/uploads\/2022\/04\/2-36x22.png 36w, https:\/\/hornsund.igf.edu.pl\/wp-content\/uploads\/2022\/04\/2-48x29.png 48w\" sizes=\"auto, (max-width: 300px) 100vw, 300px\" \/><\/figure><\/div>\n\n\n\n<p><a href=\"https:\/\/hornsund.igf.edu.pl\/wp-content\/uploads\/2014\/03\/pierwsza-wyprawa.png\"><\/a>Po powrocie grupy rekonesansowej do kraju rozpocz\u0119to prace przygotowawcze do w\u0142a\u015bciwej wyprawy: Siedlecki zacz\u0105\u0142 kompletowa\u0107 zesp\u00f3\u0142 zimuj\u0105cy, kt\u00f3ry ostatecznie sk\u0142ada\u0142 si\u0119 z 10 os\u00f3b: Stanis\u0142aw Siedlecki (geolog, kierownik wyprawy), Roman Trechci\u0144ski (radiotechnik, zast\u0119pca kierownika), Stanis\u0142aw Baranowski (glacjolog), Tadeusz Makarewicz (meteorolog), Jerzy Jasnorzewski (astronom, geodeta), Wies\u0142aw Wi\u015bniewski (astronom), Ryszard Bajer (radiooperator), Zbigniew Jaworowski (lekarz), Zdzis\u0142aw Czeppe (geomorfolog, klimatolog) i Maciej Zalewski (gospodarz wyprawy, hydrolog).<\/p>\n\n\n\n<p>Ponadto w sk\u0142ad wyprawy wchodzi\u0142a du\u017ca grupa pracownik\u00f3w r\u00f3\u017cnych uczelni i instytut\u00f3w, planuj\u0105cych badania w sezonie letnim, a tak\u017ce grupa techniczna, kt\u00f3rej zadaniem by\u0142o zbudowanie Stacji i przygotowanie jej do zimy.<\/p>\n\n\n\n<p>G\u0142\u00f3wny budynek Stacji, zaprojektowany przez Jerzego Piotrowskiego, mia\u0142 budow\u0119 modu\u0142ow\u0105 i sk\u0142ada\u0142 si\u0119 z element\u00f3w przygotowanych w kraju. Stacja mia\u0142a 30 m d\u0142ugo\u015bci i 8 m szeroko\u015bci, mie\u015bci\u0142a 10 pojedynczych pokoi, du\u017ce laboratorium naukowe, jadalni\u0119, radiostacj\u0119, kuchni\u0119 i \u0142azienk\u0119.<\/p>\n\n\n\n<div class=\"wp-block-image\"><figure class=\"alignleft size-full\"><img loading=\"lazy\" decoding=\"async\" width=\"300\" height=\"199\" src=\"https:\/\/hornsund.igf.edu.pl\/wp-content\/uploads\/2022\/04\/3.jpg\" alt=\"\" class=\"wp-image-1354\" srcset=\"https:\/\/hornsund.igf.edu.pl\/wp-content\/uploads\/2022\/04\/3.jpg 300w, https:\/\/hornsund.igf.edu.pl\/wp-content\/uploads\/2022\/04\/3-24x16.jpg 24w, https:\/\/hornsund.igf.edu.pl\/wp-content\/uploads\/2022\/04\/3-36x24.jpg 36w, https:\/\/hornsund.igf.edu.pl\/wp-content\/uploads\/2022\/04\/3-48x32.jpg 48w\" sizes=\"auto, (max-width: 300px) 100vw, 300px\" \/><\/figure><\/div>\n\n\n\n<p><a href=\"https:\/\/hornsund.igf.edu.pl\/wp-content\/uploads\/2014\/03\/budowa-stacji.jpg\"><\/a>Instalacja elektryczna by\u0142a zasilana zespo\u0142em akumulator\u00f3w \u0142adowanych generatorem spalinowym, natomiast instalacja wodna oparta by\u0142a na niewielkim zbiorniku, nape\u0142nianym wod\u0105 przywo\u017con\u0105 z pobliskiego jeziorka lub pochodz\u0105c\u0105 z roztopionego \u015bniegu i lodu.<\/p>\n\n\n\n<p>Kamie\u0144 w\u0119gielny pod budow\u0119 Stacji wmurowano w dniu 23 lipca 1957 roku. Pod koniec wrze\u015bnia grupy letnia i techniczna wr\u00f3ci\u0142y do kraju, a w Hornsundzie rozpocz\u0119\u0142a prace pierwsza polska grupa zimuj\u0105ca. Prace ekspedycji, zwi\u0105zane z realizacj\u0105 programu III MRG zosta\u0142y zako\u0144czone we wrze\u015bniu 1958 roku, po czym Stacja zosta\u0142a oddana pod opiek\u0119 Gubernatora Svalbardu.<\/p>\n\n\n\n<h4 class=\"wp-block-heading\"><a><\/a>Okres przej\u015bciowy \u2013 ekspedycje sezonowe i norwescy traperzy<\/h4>\n\n\n\n<p>W sezonach letnich 1959, 1960 i 1962 w Stacji pracowa\u0142y niewielkie ekspedycje sezonowe kierowane przez Siedleckiego, kt\u00f3rych celem by\u0142a kontynuacja bada\u0144 rozpocz\u0119tych przez ekspedycj\u0119 1957\/1958.<\/p>\n\n\n\n<p>Przez nast\u0119pnych 5 lat Stacja nie by\u0142a u\u017cytkowana. W sezonach zimowych 1967\/1968, 1968\/1969, 1969\/1970 i 1970\/1971 Stacja by\u0142a wykorzystywana przez norweskich traper\u00f3w jako baza my\u015bliwska. Mieszkali w niej traperzy z psami, s\u0142u\u017cy\u0142a za sk\u0142ad sk\u00f3r lisich i nied\u017awiedzich. W Stacji nie prowadzono \u017cadnych prac konserwacyjnych. W rezultacie budynek uleg\u0142 w tym okresie znacznemu zniszczeniu.<\/p>\n\n\n\n<p>W 1972 roku w\u0142adze norweskie utworzy\u0142y Park Narodowy Po\u0142udniowego Spitsbergenu, ko\u0144cz\u0105c w ten spos\u00f3b okres \u0142owiecki na tym obszarze.<\/p>\n\n\n\n<p>W latach 1970-1975 Uniwersytet Wroc\u0142awski we wsp\u00f3\u0142pracy z Instytutem Geofizyki PAN prowadzi\u0142 na Spitsbergenie badania letnie. Uczestnicy wypraw zamieszkali w Stacji, pr\u00f3buj\u0105c doprowadzi\u0107 j\u0105 do stanu u\u017cywalno\u015bci. Dzia\u0142anie te by\u0142y jednak dalekie od remontu, kt\u00f3rego Stacja wymaga\u0142a.<\/p>\n\n\n\n<h4 class=\"wp-block-heading\"><a><\/a>Pocz\u0105tek wypraw ca\u0142orocznych<\/h4>\n\n\n\n<p>Rok 1978 by\u0142 dla historii Stacji rokiem prze\u0142omowym. Dzi\u0119ki wielkiemu mi\u0119dzyresortowemu programowi, kt\u00f3ry na wiele lat umo\u017cliwi\u0142 prowadzenie bada\u0144 polarnych w Arktyce i Antarktyce, na Spitsbergen wyruszy\u0142a ekspedycja sk\u0142adaj\u0105ca si\u0119 z 10-osobowej grupy zimuj\u0105cej i oko\u0142o 30-osobowej naukowej i technicznej grupy letniej. Jej zadaniem by\u0142o przeprowadzenie remontu i przygotowanie Stacji do zimowania oraz ponowne uruchomienie program\u00f3w obserwacji naukowych, prowadzonych w czasie III MRG i wyrywkowo w latach p\u00f3\u017aniejszych.<\/p>\n\n\n\n<div class=\"wp-block-image\"><figure class=\"alignleft size-full\"><img loading=\"lazy\" decoding=\"async\" width=\"300\" height=\"225\" src=\"https:\/\/hornsund.igf.edu.pl\/wp-content\/uploads\/2022\/04\/4.jpg\" alt=\"\" class=\"wp-image-1357\" srcset=\"https:\/\/hornsund.igf.edu.pl\/wp-content\/uploads\/2022\/04\/4.jpg 300w, https:\/\/hornsund.igf.edu.pl\/wp-content\/uploads\/2022\/04\/4-24x18.jpg 24w, https:\/\/hornsund.igf.edu.pl\/wp-content\/uploads\/2022\/04\/4-36x27.jpg 36w, https:\/\/hornsund.igf.edu.pl\/wp-content\/uploads\/2022\/04\/4-48x36.jpg 48w\" sizes=\"auto, (max-width: 300px) 100vw, 300px\" \/><\/figure><\/div>\n\n\n\n<p><a href=\"https:\/\/hornsund.igf.edu.pl\/wp-content\/uploads\/2014\/03\/stacja-polarna.jpg\"><\/a>Budynek Stacji zosta\u0142 zmodernizowany, zbudowano nowy budynek mieszcz\u0105cy agregaty pr\u0105dotw\u00f3rcze i pomieszczenia warsztatowe, zainstalowano zbiorniki paliwowe do agregat\u00f3w. Stacja uzyska\u0142a te\u017c now\u0105 instalacj\u0119 elektryczn\u0105 i instalacj\u0119 wodoci\u0105gow\u0105 z bie\u017c\u0105c\u0105 ciep\u0142\u0105 i zimn\u0105 wod\u0105. Od tego roku Stacja pracuje nieprzerwanie.<\/p>\n\n\n\n<p>W tym samym roku w Instytucie Geofizyki PAN powsta\u0142a Samodzielna Pracownia Bada\u0144 Polarnych i Morskich, kt\u00f3ra jako Zak\u0142ad Bada\u0144 Polarnych i Morskich do dzi\u015b prowadzi badania i sprawuje merytoryczn\u0105 opiek\u0119 nad Stacj\u0105.<\/p>\n\n\n\n<p>W 1979 roku do starego budynku dobudowano tzw. baz\u0119 letni\u0105, mieszcz\u0105c\u0105 wieloosobowe pokoje mieszkalne i dodatkowe w\u0119z\u0142y sanitarne \u2013 mia\u0142a ona s\u0142u\u017cy\u0107 uczestnikom grup naukowych pracuj\u0105cych w Stacji w sezonach letnich. Prace wyko\u0144czeniowe w bazie letniej trwa\u0142y jeszcze w sezonie letnim 1980 roku.<\/p>\n\n\n\n<h4 class=\"wp-block-heading\"><a><\/a>Plac\u00f3wka o znaczeniu mi\u0119dzynarodowym<\/h4>\n\n\n\n<p>Okres prze\u0142omu polityczno-gospodarczego lat 80. odbi\u0142 si\u0119 na Stacji w postaci rosn\u0105cych problem\u00f3w ze \u015brodkami finansowymi na jej utrzymanie, k\u0142opotami kadrowymi, trudno\u015bciami z czarterem statk\u00f3w i zwi\u0105zanymi z tym eksperymentami z zaopatrzeniem. Uda\u0142o si\u0119 jednak ten trudny okres przetrwa\u0107 i na prze\u0142omie wiek\u00f3w rozpocz\u0105\u0142 si\u0119 okres bardzo szybkiego rozwoju Stacji.<\/p>\n\n\n\n<p>I Mi\u0119dzynarodowe Sympozjum Glacjologiczne, kt\u00f3re odby\u0142o si\u0119 w Stacji wiosn\u0105 1992 roku rozpocz\u0119\u0142o er\u0119 bardzo szybko rozwijaj\u0105cej si\u0119 wsp\u00f3\u0142pracy naukowej z zagranicznymi o\u015brodkami badawczymi.<\/p>\n\n\n\n<p>Dzi\u0119ki zaanga\u017cowaniu w zbli\u017caj\u0105cy si\u0119 IV Mi\u0119dzynarodowy Rok Polarny 2007-2009, pojawi\u0142y si\u0119 nowe \u015brodki komunikacji (\u0142\u0105czno\u015b\u0107 satelitarna, telewizja, internet), nowa aparatura naukowa (m.in. automatyczne stacje meteorologiczne, jonosondy, stacje GPS, chromatograf oraz nowe typy aparatury sejsmicznej), nast\u0105pi\u0142y te\u017c ogromne zmiany techniczne, takie jak budowa terminala paliwowego, budowa nowej biologicznej oczyszczalni \u015bciek\u00f3w, rozbudowa g\u0142\u00f3wnego budynku Stacji czy wymiana transporter\u00f3w p\u0142ywaj\u0105cych.<\/p>\n\n\n\n<p>Obecne wyposa\u017cenie, infrastruktura i warunki bytowe Polskiej Stacji Polarnej Hornsund pozwalaj\u0105 na uznanie jej za wzorcow\u0105 europejsk\u0105 platform\u0119 badawcz\u0105, \u0142\u0105cz\u0105c\u0105 walory bazy logistycznej do obserwacji ci\u0105g\u0142ych (z szerokimi mo\u017cliwo\u015bciami obserwacji terenowych, w tym np. obs\u0142ugi aparatury rozlokowanej na odleg\u0142ych lodowcach) z plac\u00f3wk\u0105 naukow\u0105 dysponuj\u0105c\u0105 kilkoma laboratoriami.<\/p>\n\n\n\n<div class=\"wp-block-image\"><figure class=\"alignleft size-full\"><img loading=\"lazy\" decoding=\"async\" width=\"300\" height=\"200\" src=\"https:\/\/hornsund.igf.edu.pl\/wp-content\/uploads\/2022\/04\/5.jpg\" alt=\"\" class=\"wp-image-1360\" srcset=\"https:\/\/hornsund.igf.edu.pl\/wp-content\/uploads\/2022\/04\/5.jpg 300w, https:\/\/hornsund.igf.edu.pl\/wp-content\/uploads\/2022\/04\/5-24x16.jpg 24w, https:\/\/hornsund.igf.edu.pl\/wp-content\/uploads\/2022\/04\/5-36x24.jpg 36w, https:\/\/hornsund.igf.edu.pl\/wp-content\/uploads\/2022\/04\/5-48x32.jpg 48w\" sizes=\"auto, (max-width: 300px) 100vw, 300px\" \/><\/figure><\/div>\n\n\n\n<p><a href=\"https:\/\/hornsund.igf.edu.pl\/wp-content\/uploads\/2014\/03\/stacja-polarna-aktualny.jpg\"><\/a>Do tradycyjnych program\u00f3w badawczych (meteorologia, sejsmologia, magnetyzm ziemski) stopniowo dodano obserwacje jonosferyczne, elektryczno\u015b\u0107 atmosfery, UV, monitoring wieloletniej zmarzliny i monitoring glacjologiczny. W sezonach letnich intensywnie prowadzone by\u0142y badania geologiczne, geomorfologiczne, oceanograficzne i biologiczne.<\/p>\n\n\n\n<p>Dzi\u0119ki wieloletnim badaniom prowadzonym przez polskich naukowc\u00f3w wsp\u00f3\u0142pracuj\u0105cych z renomowanymi o\u015brodkami zagranicznymi rejon fiordu Hornsund jest jednym z lepiej rozpoznanych obszar\u00f3w w europejskim sektorze Arktyki, a funkcjonowanie i osi\u0105gni\u0119cia Polskiej Stacji Polarnej Hornsund czyni\u0105 polsk\u0105 nauk\u0119 w obszarze bada\u0144 polarnych znakomicie rozpoznawaln\u0105 na \u015bwiecie.<\/p>\n","protected":false},"excerpt":{"rendered":"<p>Historia Polskiej Stacji Polarnej Hornsund si\u0119ga lat 50. XX wieku. Polska Komisja III Mi\u0119dzynarodowego Roku Geofizycznego przy Prezydium Polskiej Akademii Nauk, powo\u0142ana w zwi\u0105zku ze zbli\u017caj\u0105cym si\u0119 III Mi\u0119dzynarodowym Rokiem Geofizycznym (III MRG), doprowadzi\u0142a do zorganizowania ca\u0142orocznej ekspedycji badawczej na Spitsbergen, dla kt\u00f3rej podstaw\u0105 dzia\u0142ania mia\u0142a by\u0107 zbudowana na Spitsbergenie Polska Stacja Polarna. Wiosn\u0105 1956 [&hellip;]<\/p>\n","protected":false},"author":1,"featured_media":0,"parent":0,"menu_order":0,"comment_status":"closed","ping_status":"closed","template":"","meta":{"footnotes":""},"class_list":["post-643","page","type-page","status-publish","hentry"],"yoast_head":"<!-- This site is optimized with the Yoast SEO plugin v24.9 - https:\/\/yoast.com\/wordpress\/plugins\/seo\/ -->\n<title>Historia Stacji - Polish Polar Station Hornsund<\/title>\n<meta name=\"description\" content=\"Historia Polskiej Stacji Polarnej Hornsund si\u0119ga lat 50. XX wieku. Polska Komisja III Mi\u0119dzynarodowego Roku Geofizycznego przy Prezydium Polskiej Akademii Nauk, powo\u0142ana w zwi\u0105zku ze zbli\u017caj\u0105cym si\u0119 III Mi\u0119dzynarodowym Rokiem Geofizycznym (III MRG), doprowadzi\u0142a do zorganizowania ca\u0142orocznej ekspedycji badawczej na Spitsbergen, dla kt\u00f3rej podstaw\u0105 dzia\u0142ania mia\u0142a by\u0107 zbudowana na Spitsbergenie Polska Stacja Polarna.\" \/>\n<meta name=\"robots\" content=\"index, follow, max-snippet:-1, max-image-preview:large, max-video-preview:-1\" \/>\n<link rel=\"canonical\" href=\"https:\/\/hornsund.igf.edu.pl\/index.php\/historia-stacji\/\" \/>\n<meta property=\"og:locale\" content=\"pl_PL\" \/>\n<meta property=\"og:type\" content=\"article\" \/>\n<meta property=\"og:title\" content=\"Historia Stacji - Polish Polar Station Hornsund\" \/>\n<meta property=\"og:description\" content=\"Historia Polskiej Stacji Polarnej Hornsund si\u0119ga lat 50. XX wieku. Polska Komisja III Mi\u0119dzynarodowego Roku Geofizycznego przy Prezydium Polskiej Akademii Nauk, powo\u0142ana w zwi\u0105zku ze zbli\u017caj\u0105cym si\u0119 III Mi\u0119dzynarodowym Rokiem Geofizycznym (III MRG), doprowadzi\u0142a do zorganizowania ca\u0142orocznej ekspedycji badawczej na Spitsbergen, dla kt\u00f3rej podstaw\u0105 dzia\u0142ania mia\u0142a by\u0107 zbudowana na Spitsbergenie Polska Stacja Polarna.\" \/>\n<meta property=\"og:url\" content=\"https:\/\/hornsund.igf.edu.pl\/index.php\/historia-stacji\/\" \/>\n<meta property=\"og:site_name\" content=\"Polish Polar Station Hornsund\" \/>\n<meta property=\"article:modified_time\" content=\"2024-07-03T12:53:38+00:00\" \/>\n<meta property=\"og:image\" content=\"https:\/\/hornsund.igf.edu.pl\/wp-content\/uploads\/2022\/04\/2.png\" \/>\n<meta name=\"twitter:card\" content=\"summary_large_image\" \/>\n<meta name=\"twitter:label1\" content=\"Szacowany czas czytania\" \/>\n\t<meta name=\"twitter:data1\" content=\"7 minut\" \/>\n<script type=\"application\/ld+json\" class=\"yoast-schema-graph\">{\"@context\":\"https:\/\/schema.org\",\"@graph\":[{\"@type\":\"WebPage\",\"@id\":\"https:\/\/hornsund.igf.edu.pl\/index.php\/historia-stacji\/\",\"url\":\"https:\/\/hornsund.igf.edu.pl\/index.php\/historia-stacji\/\",\"name\":\"Historia Stacji - Polish Polar Station Hornsund\",\"isPartOf\":{\"@id\":\"https:\/\/hornsund.igf.edu.pl\/#website\"},\"primaryImageOfPage\":{\"@id\":\"https:\/\/hornsund.igf.edu.pl\/index.php\/historia-stacji\/#primaryimage\"},\"image\":{\"@id\":\"https:\/\/hornsund.igf.edu.pl\/index.php\/historia-stacji\/#primaryimage\"},\"thumbnailUrl\":\"https:\/\/hornsund.igf.edu.pl\/wp-content\/uploads\/2022\/04\/2.png\",\"datePublished\":\"2021-07-31T13:54:09+00:00\",\"dateModified\":\"2024-07-03T12:53:38+00:00\",\"description\":\"Historia Polskiej Stacji Polarnej Hornsund si\u0119ga lat 50. XX wieku. Polska Komisja III Mi\u0119dzynarodowego Roku Geofizycznego przy Prezydium Polskiej Akademii Nauk, powo\u0142ana w zwi\u0105zku ze zbli\u017caj\u0105cym si\u0119 III Mi\u0119dzynarodowym Rokiem Geofizycznym (III MRG), doprowadzi\u0142a do zorganizowania ca\u0142orocznej ekspedycji badawczej na Spitsbergen, dla kt\u00f3rej podstaw\u0105 dzia\u0142ania mia\u0142a by\u0107 zbudowana na Spitsbergenie Polska Stacja Polarna.\",\"breadcrumb\":{\"@id\":\"https:\/\/hornsund.igf.edu.pl\/index.php\/historia-stacji\/#breadcrumb\"},\"inLanguage\":\"pl-PL\",\"potentialAction\":[{\"@type\":\"ReadAction\",\"target\":[\"https:\/\/hornsund.igf.edu.pl\/index.php\/historia-stacji\/\"]}]},{\"@type\":\"ImageObject\",\"inLanguage\":\"pl-PL\",\"@id\":\"https:\/\/hornsund.igf.edu.pl\/index.php\/historia-stacji\/#primaryimage\",\"url\":\"https:\/\/hornsund.igf.edu.pl\/wp-content\/uploads\/2022\/04\/2.png\",\"contentUrl\":\"https:\/\/hornsund.igf.edu.pl\/wp-content\/uploads\/2022\/04\/2.png\",\"width\":300,\"height\":181},{\"@type\":\"BreadcrumbList\",\"@id\":\"https:\/\/hornsund.igf.edu.pl\/index.php\/historia-stacji\/#breadcrumb\",\"itemListElement\":[{\"@type\":\"ListItem\",\"position\":1,\"name\":\"Strona g\u0142\u00f3wna\",\"item\":\"https:\/\/hornsund.igf.edu.pl\/\"},{\"@type\":\"ListItem\",\"position\":2,\"name\":\"Historia Stacji\"}]},{\"@type\":\"WebSite\",\"@id\":\"https:\/\/hornsund.igf.edu.pl\/#website\",\"url\":\"https:\/\/hornsund.igf.edu.pl\/\",\"name\":\"Polish Polar Station Hornsund\",\"description\":\"Hornsund\",\"publisher\":{\"@id\":\"https:\/\/hornsund.igf.edu.pl\/#organization\"},\"potentialAction\":[{\"@type\":\"SearchAction\",\"target\":{\"@type\":\"EntryPoint\",\"urlTemplate\":\"https:\/\/hornsund.igf.edu.pl\/?s={search_term_string}\"},\"query-input\":{\"@type\":\"PropertyValueSpecification\",\"valueRequired\":true,\"valueName\":\"search_term_string\"}}],\"inLanguage\":\"pl-PL\"},{\"@type\":\"Organization\",\"@id\":\"https:\/\/hornsund.igf.edu.pl\/#organization\",\"name\":\"Polish Polar Station Hornsund\",\"url\":\"https:\/\/hornsund.igf.edu.pl\/\",\"logo\":{\"@type\":\"ImageObject\",\"inLanguage\":\"pl-PL\",\"@id\":\"https:\/\/hornsund.igf.edu.pl\/#\/schema\/logo\/image\/\",\"url\":\"\",\"contentUrl\":\"\",\"caption\":\"Polish Polar Station Hornsund\"},\"image\":{\"@id\":\"https:\/\/hornsund.igf.edu.pl\/#\/schema\/logo\/image\/\"}}]}<\/script>\n<!-- \/ Yoast SEO plugin. -->","yoast_head_json":{"title":"Historia Stacji - Polish Polar Station Hornsund","description":"Historia Polskiej Stacji Polarnej Hornsund si\u0119ga lat 50. XX wieku. Polska Komisja III Mi\u0119dzynarodowego Roku Geofizycznego przy Prezydium Polskiej Akademii Nauk, powo\u0142ana w zwi\u0105zku ze zbli\u017caj\u0105cym si\u0119 III Mi\u0119dzynarodowym Rokiem Geofizycznym (III MRG), doprowadzi\u0142a do zorganizowania ca\u0142orocznej ekspedycji badawczej na Spitsbergen, dla kt\u00f3rej podstaw\u0105 dzia\u0142ania mia\u0142a by\u0107 zbudowana na Spitsbergenie Polska Stacja Polarna.","robots":{"index":"index","follow":"follow","max-snippet":"max-snippet:-1","max-image-preview":"max-image-preview:large","max-video-preview":"max-video-preview:-1"},"canonical":"https:\/\/hornsund.igf.edu.pl\/index.php\/historia-stacji\/","og_locale":"pl_PL","og_type":"article","og_title":"Historia Stacji - Polish Polar Station Hornsund","og_description":"Historia Polskiej Stacji Polarnej Hornsund si\u0119ga lat 50. XX wieku. Polska Komisja III Mi\u0119dzynarodowego Roku Geofizycznego przy Prezydium Polskiej Akademii Nauk, powo\u0142ana w zwi\u0105zku ze zbli\u017caj\u0105cym si\u0119 III Mi\u0119dzynarodowym Rokiem Geofizycznym (III MRG), doprowadzi\u0142a do zorganizowania ca\u0142orocznej ekspedycji badawczej na Spitsbergen, dla kt\u00f3rej podstaw\u0105 dzia\u0142ania mia\u0142a by\u0107 zbudowana na Spitsbergenie Polska Stacja Polarna.","og_url":"https:\/\/hornsund.igf.edu.pl\/index.php\/historia-stacji\/","og_site_name":"Polish Polar Station Hornsund","article_modified_time":"2024-07-03T12:53:38+00:00","og_image":[{"url":"https:\/\/hornsund.igf.edu.pl\/wp-content\/uploads\/2022\/04\/2.png","type":"","width":"","height":""}],"twitter_card":"summary_large_image","twitter_misc":{"Szacowany czas czytania":"7 minut"},"schema":{"@context":"https:\/\/schema.org","@graph":[{"@type":"WebPage","@id":"https:\/\/hornsund.igf.edu.pl\/index.php\/historia-stacji\/","url":"https:\/\/hornsund.igf.edu.pl\/index.php\/historia-stacji\/","name":"Historia Stacji - Polish Polar Station Hornsund","isPartOf":{"@id":"https:\/\/hornsund.igf.edu.pl\/#website"},"primaryImageOfPage":{"@id":"https:\/\/hornsund.igf.edu.pl\/index.php\/historia-stacji\/#primaryimage"},"image":{"@id":"https:\/\/hornsund.igf.edu.pl\/index.php\/historia-stacji\/#primaryimage"},"thumbnailUrl":"https:\/\/hornsund.igf.edu.pl\/wp-content\/uploads\/2022\/04\/2.png","datePublished":"2021-07-31T13:54:09+00:00","dateModified":"2024-07-03T12:53:38+00:00","description":"Historia Polskiej Stacji Polarnej Hornsund si\u0119ga lat 50. XX wieku. Polska Komisja III Mi\u0119dzynarodowego Roku Geofizycznego przy Prezydium Polskiej Akademii Nauk, powo\u0142ana w zwi\u0105zku ze zbli\u017caj\u0105cym si\u0119 III Mi\u0119dzynarodowym Rokiem Geofizycznym (III MRG), doprowadzi\u0142a do zorganizowania ca\u0142orocznej ekspedycji badawczej na Spitsbergen, dla kt\u00f3rej podstaw\u0105 dzia\u0142ania mia\u0142a by\u0107 zbudowana na Spitsbergenie Polska Stacja Polarna.","breadcrumb":{"@id":"https:\/\/hornsund.igf.edu.pl\/index.php\/historia-stacji\/#breadcrumb"},"inLanguage":"pl-PL","potentialAction":[{"@type":"ReadAction","target":["https:\/\/hornsund.igf.edu.pl\/index.php\/historia-stacji\/"]}]},{"@type":"ImageObject","inLanguage":"pl-PL","@id":"https:\/\/hornsund.igf.edu.pl\/index.php\/historia-stacji\/#primaryimage","url":"https:\/\/hornsund.igf.edu.pl\/wp-content\/uploads\/2022\/04\/2.png","contentUrl":"https:\/\/hornsund.igf.edu.pl\/wp-content\/uploads\/2022\/04\/2.png","width":300,"height":181},{"@type":"BreadcrumbList","@id":"https:\/\/hornsund.igf.edu.pl\/index.php\/historia-stacji\/#breadcrumb","itemListElement":[{"@type":"ListItem","position":1,"name":"Strona g\u0142\u00f3wna","item":"https:\/\/hornsund.igf.edu.pl\/"},{"@type":"ListItem","position":2,"name":"Historia Stacji"}]},{"@type":"WebSite","@id":"https:\/\/hornsund.igf.edu.pl\/#website","url":"https:\/\/hornsund.igf.edu.pl\/","name":"Polish Polar Station Hornsund","description":"Hornsund","publisher":{"@id":"https:\/\/hornsund.igf.edu.pl\/#organization"},"potentialAction":[{"@type":"SearchAction","target":{"@type":"EntryPoint","urlTemplate":"https:\/\/hornsund.igf.edu.pl\/?s={search_term_string}"},"query-input":{"@type":"PropertyValueSpecification","valueRequired":true,"valueName":"search_term_string"}}],"inLanguage":"pl-PL"},{"@type":"Organization","@id":"https:\/\/hornsund.igf.edu.pl\/#organization","name":"Polish Polar Station Hornsund","url":"https:\/\/hornsund.igf.edu.pl\/","logo":{"@type":"ImageObject","inLanguage":"pl-PL","@id":"https:\/\/hornsund.igf.edu.pl\/#\/schema\/logo\/image\/","url":"","contentUrl":"","caption":"Polish Polar Station Hornsund"},"image":{"@id":"https:\/\/hornsund.igf.edu.pl\/#\/schema\/logo\/image\/"}}]}},"_links":{"self":[{"href":"https:\/\/hornsund.igf.edu.pl\/index.php\/wp-json\/wp\/v2\/pages\/643","targetHints":{"allow":["GET"]}}],"collection":[{"href":"https:\/\/hornsund.igf.edu.pl\/index.php\/wp-json\/wp\/v2\/pages"}],"about":[{"href":"https:\/\/hornsund.igf.edu.pl\/index.php\/wp-json\/wp\/v2\/types\/page"}],"author":[{"embeddable":true,"href":"https:\/\/hornsund.igf.edu.pl\/index.php\/wp-json\/wp\/v2\/users\/1"}],"replies":[{"embeddable":true,"href":"https:\/\/hornsund.igf.edu.pl\/index.php\/wp-json\/wp\/v2\/comments?post=643"}],"version-history":[{"count":5,"href":"https:\/\/hornsund.igf.edu.pl\/index.php\/wp-json\/wp\/v2\/pages\/643\/revisions"}],"predecessor-version":[{"id":1363,"href":"https:\/\/hornsund.igf.edu.pl\/index.php\/wp-json\/wp\/v2\/pages\/643\/revisions\/1363"}],"wp:attachment":[{"href":"https:\/\/hornsund.igf.edu.pl\/index.php\/wp-json\/wp\/v2\/media?parent=643"}],"curies":[{"name":"wp","href":"https:\/\/api.w.org\/{rel}","templated":true}]}}